{"id":145,"date":"2021-09-07T08:28:00","date_gmt":"2021-09-07T08:28:00","guid":{"rendered":"http:\/\/www.elamanlaulu.com\/?page_id=145"},"modified":"2026-03-29T07:53:13","modified_gmt":"2026-03-29T07:53:13","slug":"elaman-laulu","status":"publish","type":"page","link":"https:\/\/www.elamanlaulu.com\/?page_id=145","title":{"rendered":"El\u00e4m\u00e4n Laulun palvelut, yhteydet"},"content":{"rendered":"\n<p><strong>El\u00e4m\u00e4n Laulu Tmi<\/strong><\/p>\n\n\n\n<ul class=\"wp-block-list\">\n<li>Y-tunnus 2711886-9<\/li>\n\n\n\n<li>Kotipaikka H\u00e4meenlinna<\/li>\n\n\n\n<li>Gsm 045-131 9383<\/li>\n\n\n\n<li>Kotisivu:&nbsp;https:\/\/www.elamanlaulu.com<\/li>\n\n\n\n<li>S\u00e4hk\u00f6posti:&nbsp;elamanlaulu (at) gmail.com<\/li>\n\n\n\n<li>Yrityksen rekister\u00f6ity toimiala on <em><mark style=\"background-color:rgba(0, 0, 0, 0)\" class=\"has-inline-color has-bright-red-color\"><strong>taiteellinen luominen.<\/strong><\/mark><\/em><\/li>\n<\/ul>\n\n\n\n<h2 class=\"wp-block-heading\">El\u00e4m\u00e4n Laulu<\/h2>\n\n\n\n<p><strong>&#8211; &nbsp; &nbsp; on aatteellisesti, uskonnollisesti ja poliittisesti sitoutumaton palveluyritys,<\/strong>&nbsp;<strong> joka&nbsp;tuottaa ja toteuttaa musiikki- ja ohjelmasis\u00e4lt\u00f6j\u00e4 itsen\u00e4isesti sek\u00e4 yhteisty\u00f6ss\u00e4 muiden tahojen kanssa.&nbsp;<\/strong><\/p>\n\n\n\n<p><strong>Yritys tarjoaa&nbsp; musiikkipalveluita muun muassa muistotilaisuuksiin ja hautajaisten yhteyteen, sek\u00e4 muihin el\u00e4m\u00e4n merkkitapahtumiin.  S\u00e4estyksi\u00e4 (piano, kosketinsoittimet), yksinlauluohjelmaa.<\/strong>  <\/p>\n\n\n\n<p><strong>Maijaliisa Hiekkasen lauluvideoita (aiemmin julkaistuilta \u00e4\u00e4nitteilt\u00e4 (1974-1981) on kuunneltavissa YouTuben kanavalla. Sek\u00e4 kanavalla yli 100 musiikkiterapia- musiikkivideota. <\/strong>Yhteens\u00e4 160.<\/p>\n\n\n\n<p><strong>Yrityksen toimintaan liittyy my\u00f6s Maijaliisa Hiekkasen kirjojen julkaisutoiminta .<\/strong><\/p>\n\n\n\n<p>&#8212;&#8212;&#8212;&#8212;&#8212;&#8212;&#8212;&#8212;&#8212;&#8212;&#8212;&#8212;&#8212;&#8212;&#8212;&#8212;&#8212;&#8212;&#8212;&#8212;<\/p>\n\n\n\n<p>Copyright \u00a9 Maijaliisa Hiekkanen<\/p>\n\n\n\n<p> Laulaja, vapaa kirjoittaja, kirjailija.<\/p>\n\n\n\n<p>Tekij\u00e4noikeuslaki 1 \u00a7 ja 56 a \u00a7<\/p>\n\n\n\n<p class=\"has-medium-font-size\"><strong>Sivusto k\u00e4ytt\u00e4\u00e4 ev\u00e4steit\u00e4.<\/strong><\/p>\n\n\n\n<p><a href=\"https:\/\/www.viestintavirasto.fi\/kyberturvallisuus\/tietoturvaohjeet\/palveluidenturvallinenkaytto\/evasteet.html\">https:\/\/www.viestintavirasto.fi\/kyberturvallisuus\/tietoturvaohjeet\/palveluidenturvallinenkaytto\/evasteet.html<\/a><\/p>\n\n\n\n<p><a><\/a>\u201d<strong>Suomessa ev\u00e4steist\u00e4 tiedottamista tai niiden hyv\u00e4ksymist\u00e4 varten ei vaadita erillist\u00e4 ponnahdusikkunaa. Ev\u00e4stek\u00e4yt\u00e4nn\u00f6t on kuitenkin mainittava verkkosivuilla niin, ett\u00e4 k\u00e4ytt\u00e4j\u00e4n on mahdollista saada niist\u00e4 lis\u00e4tietoa.<\/strong><\/p>\n\n\n\n<h5 class=\"wp-block-heading\"><strong>&nbsp;&#8212;&#8212;&#8212;&#8212;&#8212;&#8212;&#8212;&#8212;&#8212;&#8212;&#8212;&#8212;-<\/strong><\/h5>\n\n\n<div class=\"wp-block-image\">\n<figure class=\"aligncenter size-full\"><img loading=\"lazy\" decoding=\"async\" width=\"600\" height=\"119\" src=\"https:\/\/www.elamanlaulu.com\/wp-content\/uploads\/2021\/09\/kuva-2.png\" alt=\"\" class=\"wp-image-56\" srcset=\"https:\/\/www.elamanlaulu.com\/wp-content\/uploads\/2021\/09\/kuva-2.png 600w, https:\/\/www.elamanlaulu.com\/wp-content\/uploads\/2021\/09\/kuva-2-300x60.png 300w\" sizes=\"auto, (max-width: 600px) 85vw, 600px\" \/><\/figure>\n<\/div>","protected":false},"excerpt":{"rendered":"<p>El\u00e4m\u00e4n Laulu Tmi El\u00e4m\u00e4n Laulu &#8211; &nbsp; &nbsp; on aatteellisesti, uskonnollisesti ja poliittisesti sitoutumaton palveluyritys,&nbsp; joka&nbsp;tuottaa ja toteuttaa musiikki- ja ohjelmasis\u00e4lt\u00f6j\u00e4 itsen\u00e4isesti sek\u00e4 yhteisty\u00f6ss\u00e4 muiden tahojen kanssa.&nbsp; Yritys tarjoaa&nbsp; musiikkipalveluita muun muassa muistotilaisuuksiin ja hautajaisten yhteyteen, sek\u00e4 muihin el\u00e4m\u00e4n merkkitapahtumiin. S\u00e4estyksi\u00e4 (piano, kosketinsoittimet), yksinlauluohjelmaa. Maijaliisa Hiekkasen lauluvideoita (aiemmin julkaistuilta \u00e4\u00e4nitteilt\u00e4 (1974-1981) on kuunneltavissa YouTuben kanavalla. &hellip; <a href=\"https:\/\/www.elamanlaulu.com\/?page_id=145\" class=\"more-link\">Jatka lukemista<span class=\"screen-reader-text\"> &#8221;El\u00e4m\u00e4n Laulun palvelut, yhteydet&#8221;<\/span><\/a><\/p>\n","protected":false},"author":1,"featured_media":138,"parent":0,"menu_order":0,"comment_status":"open","ping_status":"closed","template":"","meta":{"footnotes":""},"class_list":["post-145","page","type-page","status-publish","has-post-thumbnail","hentry"],"_links":{"self":[{"href":"https:\/\/www.elamanlaulu.com\/index.php?rest_route=\/wp\/v2\/pages\/145","targetHints":{"allow":["GET"]}}],"collection":[{"href":"https:\/\/www.elamanlaulu.com\/index.php?rest_route=\/wp\/v2\/pages"}],"about":[{"href":"https:\/\/www.elamanlaulu.com\/index.php?rest_route=\/wp\/v2\/types\/page"}],"author":[{"embeddable":true,"href":"https:\/\/www.elamanlaulu.com\/index.php?rest_route=\/wp\/v2\/users\/1"}],"replies":[{"embeddable":true,"href":"https:\/\/www.elamanlaulu.com\/index.php?rest_route=%2Fwp%2Fv2%2Fcomments&post=145"}],"version-history":[{"count":22,"href":"https:\/\/www.elamanlaulu.com\/index.php?rest_route=\/wp\/v2\/pages\/145\/revisions"}],"predecessor-version":[{"id":1577,"href":"https:\/\/www.elamanlaulu.com\/index.php?rest_route=\/wp\/v2\/pages\/145\/revisions\/1577"}],"wp:featuredmedia":[{"embeddable":true,"href":"https:\/\/www.elamanlaulu.com\/index.php?rest_route=\/wp\/v2\/media\/138"}],"wp:attachment":[{"href":"https:\/\/www.elamanlaulu.com\/index.php?rest_route=%2Fwp%2Fv2%2Fmedia&parent=145"}],"curies":[{"name":"wp","href":"https:\/\/api.w.org\/{rel}","templated":true}]}}